{"id":993,"date":"2021-05-30T13:04:10","date_gmt":"2021-05-30T11:04:10","guid":{"rendered":"http:\/\/ekosofi.fr\/?page_id=993"},"modified":"2021-05-30T16:13:46","modified_gmt":"2021-05-30T14:13:46","slug":"prairie","status":"publish","type":"page","link":"https:\/\/ekosofi.fr\/index.php\/prairie\/","title":{"rendered":"Prairie"},"content":{"rendered":"<p>C&rsquo;est un monde riche en couleurs qui se renouvelle sans discontinuer au fil des mois.<\/p>\n<p>Nous venons de passer les mois des pissenlits, p\u00e2querettes, bouton d&rsquo;or, jonquilles.<\/p>\n<p>C&rsquo;est maintenant le r\u00e8gne des \u00e9l\u00e9gantes gramin\u00e9es et du plantain. Trois gramin\u00e9es se disputent le terrain :<br \/>\nLe dactyle agglom\u00e9r\u00e9.<br \/>\nLe p\u00e2turin des pr\u00e9s.<br \/>\nLe brome.<\/p>\n<p>N&rsquo;oublions pas de donner un coup de chapeau au g\u00e9ranium sauvage, anc\u00eatre de nos g\u00e9ranium (\u00e0 ne pas confondre avec le p\u00e9largonium).<\/p>\n<p>Tout ce petit monde se succ\u00e8de dans une comp\u00e9tition qui, si on laisse faire, ne laisse pas beaucoup de place aux plantes plus d\u00e9licates.<\/p>\n","protected":false},"excerpt":{"rendered":"<p>C&rsquo;est un monde riche en couleurs qui se renouvelle sans discontinuer au fil des mois. Nous venons de passer les mois des pissenlits, p\u00e2querettes, bouton d&rsquo;or, jonquilles. C&rsquo;est maintenant le r\u00e8gne des \u00e9l\u00e9gantes gramin\u00e9es et du plantain. Trois gramin\u00e9es se disputent le terrain : Le dactyle agglom\u00e9r\u00e9. Le p\u00e2turin des pr\u00e9s. Le brome. N&rsquo;oublions pas &hellip; <\/p>\n<p class=\"link-more\"><a href=\"https:\/\/ekosofi.fr\/index.php\/prairie\/\" class=\"more-link\">Continuer la lecture<span class=\"screen-reader-text\"> de &laquo;&nbsp;Prairie&nbsp;&raquo;<\/span><\/a><\/p>\n","protected":false},"author":1,"featured_media":0,"parent":0,"menu_order":0,"comment_status":"closed","ping_status":"closed","template":"","meta":[],"_links":{"self":[{"href":"https:\/\/ekosofi.fr\/index.php\/wp-json\/wp\/v2\/pages\/993"}],"collection":[{"href":"https:\/\/ekosofi.fr\/index.php\/wp-json\/wp\/v2\/pages"}],"about":[{"href":"https:\/\/ekosofi.fr\/index.php\/wp-json\/wp\/v2\/types\/page"}],"author":[{"embeddable":true,"href":"https:\/\/ekosofi.fr\/index.php\/wp-json\/wp\/v2\/users\/1"}],"replies":[{"embeddable":true,"href":"https:\/\/ekosofi.fr\/index.php\/wp-json\/wp\/v2\/comments?post=993"}],"version-history":[{"count":3,"href":"https:\/\/ekosofi.fr\/index.php\/wp-json\/wp\/v2\/pages\/993\/revisions"}],"predecessor-version":[{"id":1002,"href":"https:\/\/ekosofi.fr\/index.php\/wp-json\/wp\/v2\/pages\/993\/revisions\/1002"}],"wp:attachment":[{"href":"https:\/\/ekosofi.fr\/index.php\/wp-json\/wp\/v2\/media?parent=993"}],"curies":[{"name":"wp","href":"https:\/\/api.w.org\/{rel}","templated":true}]}}