{"id":969,"date":"2021-05-26T16:21:53","date_gmt":"2021-05-26T14:21:53","guid":{"rendered":"http:\/\/ekosofi.fr\/?page_id=969"},"modified":"2021-06-04T17:54:50","modified_gmt":"2021-06-04T15:54:50","slug":"carre-sud-est","status":"publish","type":"page","link":"https:\/\/ekosofi.fr\/index.php\/jardin\/carre-sud-est\/","title":{"rendered":"Carr\u00e9 Sud-Est"},"content":{"rendered":"<p>Carr\u00e9 des gramin\u00e9s<\/p>\n<p>Ce carr\u00e9 est en cours de reconstruction.<br \/>\nIl est destin\u00e9 \u00e0 recevoir davantage de gramin\u00e9es.<\/p>\n<p>Vous y trouverez p\u00eale-m\u00eale :<br \/>\n&#8211; Des Phlomis russeliana avec leurs curieuses inflorescence jaunes.<br \/>\n&#8211; Des Acanthes.<br \/>\n&#8211; Des N\u00e9p\u00e9tas.<br \/>\n&#8211; Des Asters.<br \/>\n&#8211; Des Euphorbes.<br \/>\n&#8211; Des Rosiers.<br \/>\n&#8211; Une Potentille.<br \/>\n&#8211; Des Iris de Sib\u00e9rie.<br \/>\n&#8211; Des Echinops nitro.<br \/>\n&#8211; Des Boltonias.<br \/>\n&#8211; Des g\u00e9raniums.<br \/>\n&#8211; Des lysimaques.<br \/>\n&#8211; Des centaur\u00e9es des montagnes.<br \/>\n&#8211; Des asclepias.<\/p>\n","protected":false},"excerpt":{"rendered":"<p>Carr\u00e9 des gramin\u00e9s Ce carr\u00e9 est en cours de reconstruction. Il est destin\u00e9 \u00e0 recevoir davantage de gramin\u00e9es. Vous y trouverez p\u00eale-m\u00eale : &#8211; Des Phlomis russeliana avec leurs curieuses inflorescence jaunes. &#8211; Des Acanthes. &#8211; Des N\u00e9p\u00e9tas. &#8211; Des Asters. &#8211; Des Euphorbes. &#8211; Des Rosiers. &#8211; Une Potentille. &#8211; Des Iris de Sib\u00e9rie. &hellip; <\/p>\n<p class=\"link-more\"><a href=\"https:\/\/ekosofi.fr\/index.php\/jardin\/carre-sud-est\/\" class=\"more-link\">Continuer la lecture<span class=\"screen-reader-text\"> de &laquo;&nbsp;Carr\u00e9 Sud-Est&nbsp;&raquo;<\/span><\/a><\/p>\n","protected":false},"author":1,"featured_media":0,"parent":949,"menu_order":0,"comment_status":"closed","ping_status":"closed","template":"","meta":[],"_links":{"self":[{"href":"https:\/\/ekosofi.fr\/index.php\/wp-json\/wp\/v2\/pages\/969"}],"collection":[{"href":"https:\/\/ekosofi.fr\/index.php\/wp-json\/wp\/v2\/pages"}],"about":[{"href":"https:\/\/ekosofi.fr\/index.php\/wp-json\/wp\/v2\/types\/page"}],"author":[{"embeddable":true,"href":"https:\/\/ekosofi.fr\/index.php\/wp-json\/wp\/v2\/users\/1"}],"replies":[{"embeddable":true,"href":"https:\/\/ekosofi.fr\/index.php\/wp-json\/wp\/v2\/comments?post=969"}],"version-history":[{"count":9,"href":"https:\/\/ekosofi.fr\/index.php\/wp-json\/wp\/v2\/pages\/969\/revisions"}],"predecessor-version":[{"id":1015,"href":"https:\/\/ekosofi.fr\/index.php\/wp-json\/wp\/v2\/pages\/969\/revisions\/1015"}],"up":[{"embeddable":true,"href":"https:\/\/ekosofi.fr\/index.php\/wp-json\/wp\/v2\/pages\/949"}],"wp:attachment":[{"href":"https:\/\/ekosofi.fr\/index.php\/wp-json\/wp\/v2\/media?parent=969"}],"curies":[{"name":"wp","href":"https:\/\/api.w.org\/{rel}","templated":true}]}}