{"id":613,"date":"2021-01-08T18:49:39","date_gmt":"2021-01-08T17:49:39","guid":{"rendered":"http:\/\/ekosofi.fr\/?page_id=613"},"modified":"2021-01-15T11:18:14","modified_gmt":"2021-01-15T10:18:14","slug":"le-climat-en-100-questions","status":"publish","type":"page","link":"https:\/\/ekosofi.fr\/index.php\/le-climat-en-100-questions\/","title":{"rendered":"Le climat en 100 questions"},"content":{"rendered":"<div class=\"bg-margin-for-link\"><input type='hidden' bg_collapse_expand='69f9fc83e56ac5018465500' value='69f9fc83e56ac5018465500'><input type='hidden' id='bg-show-more-text-69f9fc83e56ac5018465500' value='Voir la notice bibliographique'><input type='hidden' id='bg-show-less-text-69f9fc83e56ac5018465500' value='Masquer la notice bibliographique'><a id='bg-showmore-action-69f9fc83e56ac5018465500' class='bg-showmore-plg-link  '  style=\" color:#00ff00;;\" href='#'>Voir la notice bibliographique<\/a><div id='bg-showmore-hidden-69f9fc83e56ac5018465500' >\r\n<table class=\" alignleft\" style=\"height: 189px; width: 82.4949%;\" cellpadding=\"1px\">\r\n<tbody>\r\n<tr style=\"height: 10px;\">\r\n<td style=\"width: 49.8631%; height: 120px; text-align: left; vertical-align: top;\" scope=\"row\" width=\"160\">\r\n<p><span style=\"font-family: times new roman, times, serif; font-size: 12pt;\">Auteur<br \/><\/span><span style=\"font-family: times new roman, times, serif; font-size: 12pt;\">Editeur<br \/><\/span><span style=\"font-family: times new roman, times, serif; font-size: 12pt;\">Date de parution<br \/><\/span><span style=\"font-family: times new roman, times, serif; font-size: 12pt;\">Collection<br \/><\/span><span style=\"font-family: times new roman, times, serif; font-size: 12pt;\">Format<br \/><\/span><span style=\"font-family: times new roman, times, serif; font-size: 12pt;\">Nombre de pages<\/span><\/p>\r\n<\/td>\r\n<td style=\"width: 45.899%; text-align: left; vertical-align: top;\" width=\"236\">\r\n<p><span style=\"font-family: times new roman, times, serif; font-size: 12pt;\">Gilles Ramstein, Sylvestre Huet<br \/><\/span><span style=\"font-family: times new roman, times, serif; font-size: 12pt;\">Tallandier<br \/><\/span><span style=\"font-family: times new roman, times, serif; font-size: 12pt;\">28\/05\/2020<br \/><\/span><span style=\"font-family: times new roman, times, serif; font-size: 12pt;\">100 questions<br \/><\/span><span style=\"font-family: times new roman, times, serif; font-size: 12pt;\">13cm x 19cm<br \/><\/span><span style=\"font-family: times new roman, times, serif; font-size: 12pt;\">384<\/span><\/p>\r\n<\/td>\r\n<\/tr>\r\n<\/tbody>\r\n<\/table>\r\n<p>&nbsp;<\/p>\r\n<p>&nbsp;<\/p>\r\n<p>&nbsp;<\/p>\r\n<p>&nbsp;<\/p>\r\n<p>&nbsp;<\/p>\r\n<p><br \/><\/div><\/div> <div class=\"bg-margin-for-link\"><input type='hidden' bg_collapse_expand='69f9fc83e56da0045906654' value='69f9fc83e56da0045906654'><input type='hidden' id='bg-show-more-text-69f9fc83e56da0045906654' value='Voir la fiche d&apos;analyse'><input type='hidden' id='bg-show-less-text-69f9fc83e56da0045906654' value='Masquer la fiche d&apos;analyse'><a id='bg-showmore-action-69f9fc83e56da0045906654' class='bg-showmore-plg-link  '  style=\" color:#00ff00;;\" href='#'>Voir la fiche d&apos;analyse<\/a><div id='bg-showmore-hidden-69f9fc83e56da0045906654' ><\/p>\r\n<p><span style=\"font-size: 12pt;\">Le livre est form\u00e9 de deux parties ; l\u2019une prend en charge en la vulgarisant, la partie scientifique du sujet, l\u2019autre partie aborde les aspects juridiques, \u00e9conomiques et politiques.<\/span><\/p>\r\n<ol>\r\n<li><span style=\"font-size: 12pt;\">A) Les 50 premi\u00e8res questions concernent la climatologie. Les sujets suivants sont abord\u00e9s de mani\u00e8re synth\u00e9tique\u00a0:<\/span><br \/><span style=\"font-size: 12pt;\">Le fonctionnement climatique de notre plan\u00e8te.<\/span><br \/><span style=\"font-size: 12pt;\">Les facteurs qui influencent le climat.<\/span><br \/><span style=\"font-size: 12pt;\">Les \u00e9volutions du climat depuis les d\u00e9buts de la terre et les outils d\u2019\u00e9tude de ces \u00e9volutions.<\/span><br \/><span style=\"font-size: 12pt;\">Les \u00e9volutions du climat depuis 2000 ans.<\/span><br \/><span style=\"font-size: 12pt;\">Le climat et la pal\u00e9ontologie.<\/span><br \/><span style=\"font-size: 12pt;\">Cons\u00e9quences du r\u00e9chauffement sur la cryosph\u00e8re, sut les oc\u00e9ans et sur les esp\u00e8ces vivantes.<\/span><br \/><span style=\"font-size: 12pt;\">La pr\u00e9vision climatique.<\/span><\/li>\r\n<\/ol>\r\n<p><span style=\"font-size: 12pt;\">On pourra se r\u00e9f\u00e9rer au sommaire du livre ci-dessous pour la liste des questions trait\u00e9es.<\/span><br \/><span style=\"font-size: 12pt;\">Ces pr\u00e9sentations donnent une synth\u00e8se dense des aspects scientifiques et historiques du climat. Elles conviennent bien aux lecteurs \u00e9clair\u00e9s ayant une bonne culture scientifique.<\/span><\/p>\r\n<p><span style=\"font-size: 12pt;\">Certains d\u00e9veloppements peuvent rebuter le lecteur qui n\u2019est pas familier de cette discipline. Les expos\u00e9s sur l\u2019histoire du climat sont plus ardus car ils mettent en sc\u00e8ne l\u2019\u00e9chelle des temps g\u00e9ologiques qui est loin d\u2019\u00eatre intuitive.<\/span><\/p>\r\n<ol>\r\n<li><span style=\"font-size: 12pt;\">B) Les effets \u00e9conomiques du r\u00e9chauffement<\/span><br \/><span style=\"font-size: 12pt;\">La convention sur le climat et les COP<\/span><br \/><span style=\"font-size: 12pt;\">La justice climatique et le bilan r\u00e9el tenant compte des imports\/export<\/span><br \/><span style=\"font-size: 12pt;\">La cr\u00e9ation du GIEC en 1988 et ses modalit\u00e9s de fonctionnement<\/span><br \/><span style=\"font-size: 12pt;\">Limites du GIEC en mati\u00e8re d\u2019\u00e9tude d\u2019impact \u00e9cologique du r\u00e9chauffement climatique et la pr\u00e9conisation de solutions<\/span><br \/><span style=\"font-size: 12pt;\">D\u00e9nonciation des climato-sceptiques<\/span><br \/><span style=\"font-size: 12pt;\">Analyses du r\u00e9chauffement en termes de risques climatiques (\u00e9cosyst\u00e8mes, mont\u00e9e des eaux, humains, ressources alimentaires)<\/span><br \/><span style=\"font-size: 12pt;\">La probl\u00e9matique li\u00e9e aux \u00e9nergies fossiles<\/span><br \/><span style=\"font-size: 12pt;\">R\u00f4le futur de l\u2019\u00e9lectricit\u00e9<\/span><br \/><span style=\"font-size: 12pt;\">Avenir des \u00e9nergies alternatives<\/span><br \/><span style=\"font-size: 12pt;\">Nucl\u00e9aire et stockage du CO2<\/span><br \/><span style=\"font-size: 12pt;\">Outils financiers de pilotage de la transition<\/span><br \/><span style=\"font-size: 12pt;\">Baisse de la consommation<\/span><br \/><span style=\"font-size: 12pt;\">R\u00f4le de l\u2019agriculture<\/span><br \/><span style=\"font-size: 12pt;\">Situation de la France<\/span><\/li>\r\n<\/ol>\r\n<p><span style=\"font-size: 12pt;\">Cette partie devrait \u00eatre facilement accessible \u00e0 tout lecteur ayant suivi normalement son cursus scolaire.<\/span><\/p>\r\n<p><span style=\"font-size: 12pt;\">L\u2019auteur d\u00e9roule des pistes de solutions, d\u00e9nonce les fausses solutions et insiste sur la n\u00e9cessit\u00e9 de r\u00e9duire les in\u00e9galit\u00e9s nationales et internationales pour rendre acceptables les changements n\u00e9cessaires.<\/span><\/p>\r\n<p><span style=\"font-size: 12pt;\">On aimerait toutefois qu\u2019\u00e0 l\u2019instar de ce qui est fait pour le climat, des mod\u00e8les de simulations \u00e9conomiques viennent \u00e9toffer et concr\u00e9tiser des orientations dont les co\u00fbts et les d\u00e9lais restent \u00e0 pr\u00e9ciser.<\/span><\/p>\r\n<p><span style=\"font-size: 12pt;\">En r\u00e9sum\u00e9, ce livre fait une synth\u00e8se tr\u00e8s bien articul\u00e9e sur les diff\u00e9rentes facettes du probl\u00e8me climatique. Sa partie climatologie est parfois un peu ardue et sa partie \u00e9conomique souffre du manque de rigueur inh\u00e9rent aux sciences humaines en g\u00e9n\u00e9ral et \u00e0 la science \u00e9conomique en particulier ce qui ne peut pas \u00eatre mis sp\u00e9cifiquement \u00e0 la charge de l\u2019auteur qui d\u2019ailleurs reconnait ces limites.<\/span><\/p>\r\n<p><span style=\"font-size: 12pt;\"><\/div><\/div> <\/span><span style=\"font-size: 12pt;\"><div class=\"bg-margin-for-link\"><input type='hidden' bg_collapse_expand='69f9fc83e56f55043662395' value='69f9fc83e56f55043662395'><input type='hidden' id='bg-show-more-text-69f9fc83e56f55043662395' value='Voir la pr\u00e9sentation \u00e9ditoriale'><input type='hidden' id='bg-show-less-text-69f9fc83e56f55043662395' value='Masquer la pr\u00e9sentation \u00e9ditoriale'><a id='bg-showmore-action-69f9fc83e56f55043662395' class='bg-showmore-plg-link  '  style=\" color:#00ff00;;\" href='#'>Voir la pr\u00e9sentation \u00e9ditoriale<\/a><div id='bg-showmore-hidden-69f9fc83e56f55043662395' ><\/span><\/p>\r\n<p><span style=\"font-size: 12pt;\">Les calottes de glace sont-elles \u00e9ternelles ? Comment le climat des 1 000 derni\u00e8res ann\u00e9es a-t-il \u00e9volu\u00e9 ? En quoi le changement produit par l\u2019homme est-il in\u00e9dit ? Comment les gaz \u00e0 effet de serre influencent-ils le climat\u00a0? La s\u00e9curit\u00e9 alimentaire est-elle en danger ? La France est-elle un bon \u00e9l\u00e8ve du climat ?<\/span><\/p>\r\n<p><span style=\"font-size: 12pt;\">Le changement climatique en cours constitue un d\u00e9fi majeur pour l\u2019humanit\u00e9. La temp\u00e9rature a augment\u00e9 d\u20191.2\u00b0 C en moins d\u2019un si\u00e8cle. Le niveau marin grimpe sous l\u2019effet du r\u00e9chauffement des eaux et de la fonte des glaces. Les vagues de chaleur battent des records de temp\u00e9rature, la biodiversit\u00e9 est durement touch\u00e9e. Pourtant, depuis le premier rapport du GIEC, puis la signature de la convention-cadre de l\u2019ONU en 1992, le CO2 continue de monter. Parce que les politiques \u00e0 d\u00e9ployer r\u00e9clament des transformations \u00e9conomiques, sociales, culturelles et technologiques d\u2019une telle envergure qu\u2019elles se heurtent \u00e0 des int\u00e9r\u00eats puissants, aux menaces sur nos emplois et nos modes de vie.<\/span><\/p>\r\n<p><span style=\"font-size: 12pt;\">En 100 questions\/r\u00e9ponses, ce livre donne les rep\u00e8res indispensables pour comprendre l\u2019\u00e9volution climatique de la Terre et les risques concrets pour nos soci\u00e9t\u00e9s afin que chaque citoyen prenne la mesure des changements en cours et agisse.<\/span><\/p>\r\n<p><span style=\"font-size: 12pt;\"><\/div><\/div> <\/span><span style=\"font-size: 12pt;\"><div class=\"bg-margin-for-link\"><input type='hidden' bg_collapse_expand='69f9fc83e57119094488330' value='69f9fc83e57119094488330'><input type='hidden' id='bg-show-more-text-69f9fc83e57119094488330' value='Voir le sommaire'><input type='hidden' id='bg-show-less-text-69f9fc83e57119094488330' value='Masquer le sommaire'><a id='bg-showmore-action-69f9fc83e57119094488330' class='bg-showmore-plg-link  '  style=\" color:#00ff00;;\" href='#'>Voir le sommaire<\/a><div id='bg-showmore-hidden-69f9fc83e57119094488330' ><\/span><\/p>\r\n<p><span style=\"font-size: 12pt;\"><strong>Partie I\u00a0&#8211; histoire et m\u00e9canismes du climat<\/strong><\/span><\/p>\r\n<p><span style=\"font-size: 12pt;\"><strong>G\u00e9n\u00e9ralit\u00e9s<\/strong><\/span><\/p>\r\n<p><span style=\"font-size: 12pt;\">Climat et m\u00e9t\u00e9orologie, quelles diff\u00e9rences ?<br \/><\/span><span style=\"font-size: 12pt;\">Comment a vari\u00e9 le climat dans l&rsquo;espace et dans le temps ?<br \/><\/span><span style=\"font-size: 12pt;\">Quels sont les principaux facteurs qui gouvernent l&rsquo;\u00e9volution climatique de la terre\u00a0?<br \/><\/span><span style=\"font-size: 12pt;\">\u00c0 quoi sont dus les changements climatiques terrestres ?<br \/><\/span><span style=\"font-size: 12pt;\">Comment le climat a-t-il vari\u00e9 depuis la formation de la Terre ?<br \/><\/span><span style=\"font-size: 12pt;\">La d\u00e9rive des continents influence-t-elle le climat terrestre ?<br \/><\/span><span style=\"font-size: 12pt;\">Les changements climatiques sont-ils rapides ou lents\u00a0?<br \/><\/span><span style=\"font-size: 12pt;\">Y a-t-il eu de graves accidents climatiques ?<\/span><\/p>\r\n<p><span style=\"font-size: 12pt;\"><strong>Le syst\u00e8me Terre<\/strong><\/span><\/p>\r\n<p><span style=\"font-size: 12pt;\">Comment l&rsquo;\u00e9nergie solaire et l&rsquo;effet de serre pilotent-ils le climat ?<br \/><\/span><span style=\"font-size: 12pt;\">Y a-t-il un ou des climats de la Terre ?<br \/><\/span><span style=\"font-size: 12pt;\">Comment fonctionne la circulation atmosph\u00e9rique ?<br \/><\/span><span style=\"font-size: 12pt;\">Quel r\u00f4le joue l&rsquo;oc\u00e9an dans le climat ?<br \/><\/span><span style=\"font-size: 12pt;\">Comment les gaz \u00e0 effet de serre influencent-ils le climat ?<br \/><\/span><span style=\"font-size: 12pt;\">Quel r\u00f4le climatique joue la biosph\u00e8re v\u00e9g\u00e9tale ?<br \/><\/span><span style=\"font-size: 12pt;\">L&rsquo;invention de l&rsquo;agriculture a-t-elle chang\u00e9 le climat ?<br \/><\/span><span style=\"font-size: 12pt;\">Les calottes de glace sont-elles \u00e9ternelles ?<br \/><\/span><span style=\"font-size: 12pt;\">Existe-t-il d&rsquo;autres \u00ab bombes \u00e0 retardement climatiques \u203a ?<br \/><\/span><span style=\"font-size: 12pt;\">Comment se repartissent les d\u00e9serts\u00a0?<br \/><\/span><span style=\"font-size: 12pt;\">D&rsquo;o\u00f9 viennent les moussons d&rsquo;\u00e9t\u00e9 ?<br \/><\/span><span style=\"font-size: 12pt;\">Le volcanisme peut-il transformer le climat ?<br \/><\/span><span style=\"font-size: 12pt;\">Comment reconstituer les climats pass\u00e9s ?<\/span><\/p>\r\n<p><span style=\"font-size: 12pt;\"><strong>Reconstruction et mod\u00e9lisation des climats<\/strong><\/span><\/p>\r\n<p><span style=\"font-size: 12pt;\">Que nous r\u00e9v\u00e8lent les forages marins des changements climatiques pass\u00e9s ?<br \/><\/span><span style=\"font-size: 12pt;\">Que nous disent de notre pass\u00e9 les bulles pi\u00e9g\u00e9es dans les forages glaciaires ?<br \/><\/span><span style=\"font-size: 12pt;\">Qu&rsquo;est-ce qu&rsquo;un mod\u00e8le de climat ?<br \/><\/span><span style=\"font-size: 12pt;\">Pourquoi mod\u00e9liser les climats du pass\u00e9 ?<\/span><\/p>\r\n<p><span style=\"font-size: 12pt;\"><strong>Le climat et l&rsquo;\u00e9volution de l&rsquo;homme : des grands singes \u00e0 Homo sapiens<\/strong><\/span><\/p>\r\n<p><span style=\"font-size: 12pt;\">Pourquoi notre climat peut-il \u00eatre qualifi\u00e9 de froid ?<br \/><\/span><span style=\"font-size: 12pt;\">Dans quel climat ont \u00e9volu\u00e9 les anc\u00eatres de l&rsquo;homme ?<br \/><\/span><span style=\"font-size: 12pt;\">Que sait-on du climat du dernier million d&rsquo;ann\u00e9es ?<br \/><\/span><span style=\"font-size: 12pt;\">Dans quelles conditions climatiques Homo sapiens s&rsquo;est-il dispers\u00e9 sur le globe\u00a0?<br \/><\/span><span style=\"font-size: 12pt;\">Comment a vari\u00e9 le climat depuis deux mille ans ?<br \/><\/span><span style=\"font-size: 12pt;\">Le \u00ab Greenland \u203a a-t-il r\u00e9ellement \u00e9t\u00e9 vert\u00a0 ?<br \/><\/span><span style=\"font-size: 12pt;\">Comment a \u00e9volu\u00e9 la temp\u00e9rature plan\u00e9taire depuis 1880 ?<br \/><\/span><span style=\"font-size: 12pt;\">Comment glaces et neige r\u00e9agissent-elles au r\u00e9chauffement ?<br \/><\/span><span style=\"font-size: 12pt;\">Pourquoi l&rsquo;oc\u00e9an s&rsquo;acidifie et pourquoi son niveau remonte ?<br \/><\/span><span style=\"font-size: 12pt;\">La faune et la flore ont-elles d\u00e9j\u00e0 r\u00e9agi au changement climatique ?<br \/><\/span><span style=\"font-size: 12pt;\">Comment a-t-on compris l&rsquo;impact de l&rsquo;homme sur le CO2 atmosph\u00e9rique ?<br \/><\/span><span style=\"font-size: 12pt;\">Quel r\u00f4le la mod\u00e9lisation du climat a-t-elle jou\u00e9 dans la prise de conscience\u00a0?<br \/><\/span><span style=\"font-size: 12pt;\">Le \u00ab\u00a0trou\u00a0\u00bb de la couche d&rsquo;ozone est-il li\u00e9 au climat ?<br \/><\/span><span style=\"font-size: 12pt;\">Quels sont les principaux r\u00e9sultats des simulations du climat d&rsquo;ici 2100 ?<br \/><\/span><span style=\"font-size: 12pt;\">Quelles sont les incertitudes des projections climatiques pour 2100 ?<br \/><\/span><span style=\"font-size: 12pt;\">Jusqu&rsquo;o\u00f9 les calottes de glace vont-elles faire monter les oc\u00e9ans ?<br \/><\/span><span style=\"font-size: 12pt;\">Des ruptures brutales peuvent-elles survenir dans le syst\u00e8me Terre ?<br \/><\/span><span style=\"font-size: 12pt;\">S\u00e9cheresse, canicules, inondations et temp\u00eates vont-elles s&rsquo;intensifier avec le changement climatique\u00a0?<br \/><\/span><span style=\"font-size: 12pt;\">Le Gulf Stream risque-t-il de dispara\u00eetre ?<br \/><\/span><span style=\"font-size: 12pt;\">Comment a-t-on am\u00e9lior\u00e9 la fiabilit\u00e9 des mod\u00e8les climatiques ?<br \/><\/span><span style=\"font-size: 12pt;\">Comment peut-on passer de simulations globales \u00e0 des projections r\u00e9gionales\u00a0?<br \/><\/span><span style=\"font-size: 12pt;\">L&rsquo;impact de l&rsquo;homme modifiera-t-il le climat sur des dizaines de milliers d&rsquo;ann\u00e9es\u00a0?<br \/><\/span><span style=\"font-size: 12pt;\">La transition climatique que nous connaissons a-t-elle des analogues dans le pass\u00e9\u00a0?<br \/><\/span><span style=\"font-size: 12pt;\">La g\u00e9o-ing\u00e9nierie est-elle une solution ?<br \/><\/span><span style=\"font-size: 12pt;\">Que reste-t-il des arguments du climato-scepticisme ?<\/span><\/p>\r\n<p><span style=\"font-size: 12pt;\"><strong>Partie Il &#8211; Le r\u00e9chauffement climatique et ses effets<\/strong><\/span><\/p>\r\n<p><span style=\"font-size: 12pt;\"><strong>La g\u00e9opolitique du climat<\/strong><\/span><\/p>\r\n<p><span style=\"font-size: 12pt;\">Qu&rsquo;est-ce que la Convention Climat de l&rsquo;0NU ?<br \/><\/span><span style=\"font-size: 12pt;\">Quelles sont les forces et les faiblesses de la Convention sur le climat ?<br \/><\/span><span style=\"font-size: 12pt;\">L&rsquo;Accord de Paris, en 2015, r\u00e9sout-il le probl\u00e8me climatique ?<br \/><\/span><span style=\"font-size: 12pt;\">Pourquoi l&rsquo;objectif des 1,5\u00b0 C a-t-il \u00e9t\u00e9 inscrit dans l&rsquo;Accord de Paris ?<br \/><\/span><span style=\"font-size: 12pt;\">Qu&rsquo;appelle-t-on la justice climatique ?<br \/><\/span><span style=\"font-size: 12pt;\">Serait-il plus pertinent de mesurer l&#8217;empreinte carbone de chaque pays ?<\/span><\/p>\r\n<p><span style=\"font-size: 12pt;\"><strong>Le GIEC, expertise de la science<\/strong><\/span><\/p>\r\n<p><span style=\"font-size: 12pt;\">Comment a \u00e9t\u00e9 cr\u00e9\u00e9 le GIEC ?<br \/><\/span><span style=\"font-size: 12pt;\">Comment fonctionne le GIEC ?<br \/><\/span><span style=\"font-size: 12pt;\">Comment le GIEC analyse-t-il les impacts du changement climatique ?<br \/><\/span><span style=\"font-size: 12pt;\">Y a-t-il un consensus chez les \u00e9conomistes sur la politique climatique ?<br \/><\/span><span style=\"font-size: 12pt;\">Qui sont les climato sceptiques et que disent-ils ?<br \/><\/span><span style=\"font-size: 12pt;\">Le \u00ab\u00a0Climategate\u00a0\u00bb a-t-il mis en cause le GIEC ?<br \/><\/span><span style=\"font-size: 12pt;\">Le prix Nobel de la paix du GIEC est-il justifi\u00e9 ?<\/span><\/p>\r\n<p><span style=\"font-size: 12pt;\"><strong>Les risques du changement climatique<\/strong><\/span><\/p>\r\n<p><span style=\"font-size: 12pt;\">Existe-t-il une science des risques climatiques ?<br \/><\/span><span style=\"font-size: 12pt;\">Peut-on s&rsquo;adapter aux risques climatiques ?<br \/><\/span><span style=\"font-size: 12pt;\">Des \u00e9cosyst\u00e8mes sont-ils menac\u00e9s ?<br \/><\/span><span style=\"font-size: 12pt;\">La hausse du niveau marin d\u00e9clenchera-t-elle des migrations massives ?<br \/><\/span><span style=\"font-size: 12pt;\">La s\u00e9curit\u00e9 alimentaire est-elle en danger ?<br \/><\/span><span style=\"font-size: 12pt;\">La mousson africaine dispara\u00eetra-t-elle ?<br \/><\/span><span style=\"font-size: 12pt;\">Les ressources alimentaires que nous tirons des oc\u00e9ans se tariront-elles ?<br \/><\/span><span style=\"font-size: 12pt;\">Quels sont les dangers des vagues de chaleur ?<br \/><\/span><span style=\"font-size: 12pt;\">Quels seront les effets de la fonte des glaciers de montagne et du perg\u00e9lisol ?<br \/>M<\/span><span style=\"font-size: 12pt;\">anquera-t-on d&rsquo;eau ?<br \/><\/span><span style=\"font-size: 12pt;\">Y aura-t-il des guerres \u00e0 cause du climat ?<br \/><\/span><span style=\"font-size: 12pt;\">L&rsquo;extinction de l&rsquo;esp\u00e8ce humaine est-elle en cause ?<\/span><\/p>\r\n<p><span style=\"font-size: 12pt;\"><strong>Les \u00e9nergies et le climat<\/strong><\/span><\/p>\r\n<p><span style=\"font-size: 12pt;\">Y a-t-il assez d&rsquo;\u00e9nergies fossiles pour changer le climat au-del\u00e0 des 2\u00b0 C ?<br \/><\/span><span style=\"font-size: 12pt;\">Pourquoi est-il si difficile de se passer des \u00e9nergies fossiles ?<br \/><\/span><span style=\"font-size: 12pt;\">Pourquoi est-il si difficile de se passer du p\u00e9trole ?<br \/><\/span><span style=\"font-size: 12pt;\">Comment ont \u00e9volu\u00e9 les \u00e9missions de C02 li\u00e9es aux \u00e9nergies fossiles depuis 1990\u00a0?<br \/><\/span><span style=\"font-size: 12pt;\">Que r\u00e9v\u00e8lent les prospectives \u00e9nerg\u00e9tiques ?<br \/><\/span><span style=\"font-size: 12pt;\">Quelles d\u00e9cisions urgentes prendre pour diminuer les \u00e9missions de gaz \u00e0 effet de serre ?<br \/><\/span><span style=\"font-size: 12pt;\">Pourquoi doit-on d\u00e9carboner l&rsquo;\u00e9lectricit\u00e9 ?<br \/><\/span><span style=\"font-size: 12pt;\">Le gaz naturel est-il une \u00e9nergie climato-compatible ?<br \/><\/span><span style=\"font-size: 12pt;\">Les \u00e9lectricit\u00e9s \u00e9oliennes et solaires sauveront-elles le climat ?<br \/><\/span><span style=\"font-size: 12pt;\">Peut-on capturer et stocker le CO2 produit par les usines ?<br \/>L<\/span><span style=\"font-size: 12pt;\">&lsquo;\u00e9nergie nucl\u00e9aire peut-elle contribuer \u00e0 d\u00e9carboner l&rsquo;\u00e9conomie ?<br \/><\/span><span style=\"font-size: 12pt;\">Les \u00e9conomies d&rsquo;\u00e9nergie pourraient-elles \u00eatre suffisantes ?<\/span><\/p>\r\n<p><span style=\"font-size: 12pt;\"><strong>L&rsquo;\u00e9conomie du changement climatique<\/strong><\/span><\/p>\r\n<p><span style=\"font-size: 12pt;\">Quels outils \u00e9conomiques peuvent favoriser la transition \u00e9nerg\u00e9tique ?<br \/><\/span><span style=\"font-size: 12pt;\">Pourquoi taxes et march\u00e9s du CO2 ne fonctionnent-ils pas bien ?<br \/><\/span><span style=\"font-size: 12pt;\">Les \u00e9nergies fossiles sont-elles subventionn\u00e9es ?<br \/><\/span><span style=\"font-size: 12pt;\">La lutte contre les \u00e9missions est-elle compatible avec le lib\u00e9ralisme \u00e9conomique\u00a0?<br \/><\/span><span style=\"font-size: 12pt;\">L&rsquo;agriculture et les for\u00eats peuvent-elles limiter le changement climatique ?<br \/><\/span><span style=\"font-size: 12pt;\">Peut-on atteindre les objectifs climatiques sans diminuer les consommations\u00a0?<br \/><\/span><span style=\"font-size: 12pt;\">Faut-il choisir entre le climat et l&#8217;emploi ?<br \/><\/span><span style=\"font-size: 12pt;\">Pourquoi et comment aider les pays pauvres ?<\/span><\/p>\r\n<p><span style=\"font-size: 12pt;\"><strong>La France<\/strong><\/span><\/p>\r\n<p><span style=\"font-size: 12pt;\">Quelles sont les \u00e9missions de gaz \u00e0 effet de serre de la France ?<br \/><\/span><span style=\"font-size: 12pt;\">La France est-elle un bon \u00e9l\u00e8ve du climat ?<br \/><\/span><span style=\"font-size: 12pt;\">Est-ce que les Fran\u00e7ais comprennent le changement climatique ?<br \/><\/span><span style=\"font-size: 12pt;\">Puisque la France p\u00e8se 1 % de la population, que peut-elle faire ?<br \/><\/span><span style=\"font-size: 12pt;\"><\/div><\/div> <\/span><span style=\"font-size: 12pt;\"><div class=\"bg-margin-for-link\"><input type='hidden' bg_collapse_expand='69f9fc83e573c6074496166' value='69f9fc83e573c6074496166'><input type='hidden' id='bg-show-more-text-69f9fc83e573c6074496166' value='Voir des informations sur les auteurs'><input type='hidden' id='bg-show-less-text-69f9fc83e573c6074496166' value='Masquer les informations sur les auteurs'><a id='bg-showmore-action-69f9fc83e573c6074496166' class='bg-showmore-plg-link  '  style=\" color:#00ff00;;\" href='#'>Voir des informations sur les auteurs<\/a><div id='bg-showmore-hidden-69f9fc83e573c6074496166' ><\/span><\/p>\r\n<p><span style=\"font-size: 12pt;\">Gilles Ramstein est directeur de recherche au CEA (Laboratoire des sciences du climat et de l\u2019environnement), sp\u00e9cialiste des climats pass\u00e9s.<\/span><\/p>\r\n<p><span style=\"font-size: 12pt;\">Biographie wikipedia de Sylvain Huet\u00a0: <a href=\"https:\/\/fr.wikipedia.org\/wiki\/Sylvestre_Huet\">https:\/\/fr.wikipedia.org\/wiki\/Sylvestre_Huet<\/a><\/span><\/p>\r\n<p><span style=\"font-size: 12pt;\"><\/div><\/div><br \/><br \/><\/span><\/p>\r\n","protected":false},"excerpt":{"rendered":"","protected":false},"author":1,"featured_media":0,"parent":0,"menu_order":0,"comment_status":"closed","ping_status":"closed","template":"","meta":[],"_links":{"self":[{"href":"https:\/\/ekosofi.fr\/index.php\/wp-json\/wp\/v2\/pages\/613"}],"collection":[{"href":"https:\/\/ekosofi.fr\/index.php\/wp-json\/wp\/v2\/pages"}],"about":[{"href":"https:\/\/ekosofi.fr\/index.php\/wp-json\/wp\/v2\/types\/page"}],"author":[{"embeddable":true,"href":"https:\/\/ekosofi.fr\/index.php\/wp-json\/wp\/v2\/users\/1"}],"replies":[{"embeddable":true,"href":"https:\/\/ekosofi.fr\/index.php\/wp-json\/wp\/v2\/comments?post=613"}],"version-history":[{"count":65,"href":"https:\/\/ekosofi.fr\/index.php\/wp-json\/wp\/v2\/pages\/613\/revisions"}],"predecessor-version":[{"id":895,"href":"https:\/\/ekosofi.fr\/index.php\/wp-json\/wp\/v2\/pages\/613\/revisions\/895"}],"wp:attachment":[{"href":"https:\/\/ekosofi.fr\/index.php\/wp-json\/wp\/v2\/media?parent=613"}],"curies":[{"name":"wp","href":"https:\/\/api.w.org\/{rel}","templated":true}]}}